 5 divide 3141951?
False
Is 377 a factor of 762385?
False
Is 2947266 a multiple of 162?
True
Is 196373 a multiple of 184?
False
Does 252 divide 8780184?
True
Does 44 divide 222027?
False
Is 449 a factor of 7263373?
False
Does 7 divide 146046?
False
Is 16343099 a multiple of 35?
False
Is 415 a factor of 4358558?
False
Is 37 a factor of 58978?
True
Does 431 divide 397382?
True
Is 11490 a multiple of 5?
True
Is 883 a multiple of 31?
False
Is 16 a factor of 199664?
True
Is 28 a factor of 1868947?
False
Is 31 a factor of 4111499?
True
Is 11 a factor of 4586695?
False
Is 1538016 a multiple of 16?
True
Does 60 divide 665040?
True
Is 203 a factor of 8577035?
False
Is 2021642 a multiple of 343?
True
Is 43218 a multiple of 294?
True
Is 197 a factor of 469821?
False
Is 3560090 a multiple of 33?
False
Is 71565 a multiple of 17?
False
Does 27 divide 1366740?
True
Is 47786 a multiple of 9?
False
Does 62 divide 2309229?
False
Does 540 divide 704189?
False
Is 720104 a multiple of 668?
True
Is 4 a factor of 24959?
False
Is 6448627 a multiple of 17?
True
Is 100 a factor of 128158?
False
Is 1077415 a multiple of 781?
False
Is 91611 a multiple of 29?
True
Is 56 a factor of 79009?
False
Does 57 divide 1579424?
False
Is 11 a factor of 4655074?
False
Does 605 divide 3375506?
False
Is 2 a factor of 4309106?
True
Does 33 divide 4027?
False
Is 21 a factor of 173218?
False
Does 128 divide 424069?
False
Is 13 a factor of 40352?
True
Is 5424653 a multiple of 13?
True
Is 14 a factor of 1136688?
True
Is 59808 even?
True
Does 316 divide 8158905?
False
Is 21653464 a multiple of 25?
False
Is 25 a factor of 365575?
True
Is 1611236 a multiple of 2?
True
Is 1755 a multiple of 61?
False
Does 7 divide 1127883?
False
Does 98 divide 594762?
True
Is 62 a factor of 309318?
True
Does 793 divide 18059782?
True
Is 13 a factor of 746096?
True
Is 9248662 a multiple of 270?
False
Is 31190 even?
True
Is 35 a factor of 273646?
False
Does 3 divide 6106?
False
Does 87 divide 28007546?
False
Is 48 a factor of 3536996?
False
Is 316 a factor of 1599908?
True
Does 7 divide 1627497?
False
Is 257 a factor of 697241?
True
Is 1739160 a multiple of 90?
True
Does 8 divide 78542?
False
Is 196781 a multiple of 13?
True
Is 1484518 a multiple of 214?
True
Is 115636 a multiple of 212?
False
Does 276 divide 452937?
False
Does 24 divide 161136?
True
Does 39 divide 410976?
False
Is 1115 a factor of 3362183?
False
Is 38 a factor of 224256?
False
Does 1256 divide 5832864?
True
Is 2505510 a multiple of 9?
True
Is 112518 a multiple of 126?
True
Is 24317 even?
False
Is 3554496 a multiple of 561?
True
Does 234 divide 1900778?
False
Is 118483 a multiple of 2?
False
Is 309172 a multiple of 788?
False
Does 823 divide 720772?
False
Is 8546760 a multiple of 36?
True
Does 18 divide 1358787?
False
Is 32 a factor of 10916768?
True
Is 11476575 a multiple of 33?
True
Is 186854 a multiple of 11?
False
Is 1750063 a multiple of 6?
False
Does 275 divide 12935529?
False
Does 75 divide 511199?
False
Is 89 a factor of 1044059?
True
Is 740696 a multiple of 152?
True
Does 106 divide 1409800?
True
Is 10 a factor of 9250420?
True
Is 4038046 a multiple of 102?
False
Is 845818 a multiple of 11?
False
Is 32841 a multiple of 3?
True
Is 13 a factor of 614193?
False
Is 2522399 a multiple of 710?
False
Is 2734948 a multiple of 13?
False
Does 90 divide 7806849?
False
Does 294 divide 343719?
False
Does 11 divide 370963?
False
Is 2591036 a multiple of 82?
True
Is 325 a factor of 195790?
False
Is 92 a factor of 3065624?
True
Is 304 a factor of 326754?
False
Is 24 a factor of 4596408?
True
Does 703 divide 6813476?
True
Is 112252 a multiple of 76?
True
Is 399 a factor of 493164?
True
Does 107 divide 165315?
True
Is 110 a factor of 32509?
False
Is 422 a factor of 8194925?
False
Is 3 a factor of 23289?
True
Does 111 divide 3894040?
False
Does 270 divide 110700?
True
Is 91 a factor of 68614?
True
Is 2803315 a multiple of 34?
False
Does 206 divide 668455?
False
Does 60 divide 133260?
True
Is 17 a factor of 2054151?
False
Does 237 divide 5259775?
False
Is 75696 a multiple of 38?
True
Is 349254 a multiple of 25?
False
Does 96 divide 200352?
True
Does 121 divide 118701?
True
Is 248 a factor of 590531?
False
Does 2 divide 69578?
True
Is 45 a multiple of 2?
False
Does 2 divide 4438639?
False
Does 2037 divide 4779466?
False
Is 122 a factor of 19111716?
False
Does 8 divide 420375?
False
Is 12141745 a multiple of 61?
True
Does 342 divide 376465?
False
Is 488 a factor of 1657365?
False
Is 221 a factor of 61217?
True
Does 46 divide 404110?
True
Does 11 divide 15919733?
False
Does 21 divide 163926?
True
Is 13 a factor of 274651?
True
Is 651564 a multiple of 54?
True
Is 27 a factor of 3732588?
True
Does 7 divide 50992?
False
Is 142 a factor of 389932?
True
Is 35 a factor of 2771125?
True
Does 19 divide 77414?
False
Is 38547 a multiple of 41?
False
Is 542 a factor of 11402333?
False
Is 876 a multiple of 4?
True
Is 560604 a multiple of 33?
True
Does 22 divide 3343126?
False
Does 2347 divide 19172643?
True
Is 81840 a multiple of 20?
True
Does 136 divide 4437816?
True
Does 44 divide 76537?
False
Is 642 a factor of 1204649?
False
Does 13 divide 13427959?
False
Is 535115 a multiple of 13?
False
Is 17640 a multiple of 18?
True
Is 45 a factor of 355185?
True
Does 15 divide 15666?
False
Is 1412376 a multiple of 147?
True
Is 3355586 a multiple of 343?
False
Is 1438 a factor of 1916854?
True
Does 17 divide 85280?
False
Does 10 divide 1373181?
False
Does 15 divide 840949?
False
Does 14 divide 169349?
False
Is 276 a factor of 5671800?
True
Is 31 a factor of 2271567?
False
Does 20 divide 964620?
True
Is 10 a factor of 4024306?
False
Is 6387400 a multiple of 109?
True
Is 26 a factor of 251628?
True
Does 373 divide 1576671?
True
Does 10 divide 3918593?
False
Is 44 a factor of 220704?
True
Does 122 divide 11346?
True
Is 314 a factor of 5552148?
True
Does 79 divide 207454?
True
Is 328928 a multiple of 356?
False
Is 1337604 a multiple of 12?
True
Does 35 divide 3273445?
True
Does 474 divide 1020273?
False
Does 14 divide 1207766?
True
Is 4 a factor of 702552?
True
Is 21785 a multiple of 30?
False
Does 8 divide 1048479?
False
Is 6 a factor of 51595?
False
Does 7 divide 4820408?
False
Does 3 divide 1309151?
False
Is 155575 a multiple of 35?
True
Is 10 a factor of 196692?
False
Does 32 divide 26896?
False
Is 72416 a multiple of 292?
True
Does 53 divide 255301?
True
Is 25 a factor of 1855954?
False
Does 269 divide 1574464?
False
Is 337617 a multiple of 21?
True
Is 28823605 a multiple of 53?
False
Is 353873 a multiple of 76?
False
Is 32 a factor of 522336?
True
Does 185 divide 225258?
False
Does 6 divide 1350975?
False
Does 6 divide 493812?
True
Is 82 a factor of 85646?
False
Is 56626 a multiple of 269?
False
Is 3453825 a multiple of 75?
True
Does 430 divide 4149711?
False
Does 269 divide 1265458?
False
Is 841256 a multiple of 26?
True
Does 6 divide 346818?
True
Is 27 a factor of 1528908?
False
Does 3 divide 12075?
True
Does 40 divide 794800?
True
Does 131 divide 1341128?
False
Is 452803 a multiple of 4?
False
Does 13 divide 186992?
True
Is 54633 a multiple of 11?
False
Does 38 divide 120065?
False
Does 5 divide 23156?
False
Is 7 a factor of 58114?
True
Is 73300 a multiple of 4?
True
Is 189 a factor of 1752786?
True
Is 11 a factor of 307967?
True
Is 950 a factor of 1077893?
False
Is 543375 a multiple of 69?
True
Does 18 divide 201726?
True
Is 498 a factor of 485697?
False
Is 39 a factor of 70682?
False
Is 11 a factor of 192533?
True
Is 7574352 a multiple of 124?
False
Is 37143 a multiple of 7?
False
Is 18 a factor of 15498?
True
Is 1008658 a multiple of 62?
False
Does 12 divide 1199633?
False
Does 215 divide 3531606?
False
Is 12 a factor of 8161?
False
Is 5242460 a multiple of 34?
True
Is 4 a factor of 103332?
True
Does 34 divide 268668?
True
Is 139699 a multiple of 130?
False
Is 131 a factor of 7276733?
False
Does 130 divide 597989?
False
Is 174051 a multiple of 365?
False
Does 445 divide 2505474?
False
Is 28 a factor of 4696972?
True
Does 58 divide 660553?
False
Is 11 a factor of 127336?
True
Is 3794363 a multiple of 24?
False
Is 26 a factor of 78598?
True
Does 9 divide 15237?
True
Does 5 divide 199720?
True
Is 266 a factor of 1191414?
True
Does 426 divide 945771?
False
Is 286 a factor